ten thousands digit of 455905?
5
What is the tens digit of 217710?
1
What is the thousands digit of 200115?
0
What is the thousands digit of 525117?
5
What is the hundred thousands digit of 295361?
2
What is the tens digit of 36334313?
1
What is the ten thousands digit of 6009058?
0
What is the ten thousands digit of 416028?
1
What is the tens digit of 5559844?
4
What is the ten thousands digit of 29902369?
0
What is the ten thousands digit of 2970737?
7
What is the ten thousands digit of 4641718?
4
What is the millions digit of 22174549?
2
What is the thousands digit of 381518?
1
What is the tens digit of 12854407?
0
What is the hundreds digit of 41722044?
0
What is the units digit of 1446223?
3
What is the units digit of 2171265?
5
What is the ten thousands digit of 2547904?
4
What is the units digit of 2497636?
6
What is the thousands digit of 8755678?
5
What is the ten thousands digit of 2696481?
9
What is the tens digit of 242161?
6
What is the millions digit of 2147901?
2
What is the tens digit of 944060?
6
What is the tens digit of 100834?
3
What is the millions digit of 35187227?
5
What is the thousands digit of 459733?
9
What is the thousands digit of 6928?
6
What is the units digit of 1358857?
7
What is the hundreds digit of 718429?
4
What is the thousands digit of 696064?
6
What is the hundreds digit of 6859222?
2
What is the tens digit of 91149?
4
What is the units digit of 158634?
4
What is the ten thousands digit of 825735?
2
What is the thousands digit of 39201?
9
What is the hundred thousands digit of 743131?
7
What is the tens digit of 4302039?
3
What is the ten thousands digit of 2139884?
3
What is the tens digit of 7901?
0
What is the thousands digit of 21278145?
8
What is the tens digit of 1918861?
6
What is the units digit of 38219872?
2
What is the hundreds digit of 2175255?
2
What is the hundred thousands digit of 11092566?
0
What is the units digit of 8869?
9
What is the tens digit of 2040?
4
What is the hundreds digit of 169906?
9
What is the ten thousands digit of 17035075?
3
What is the thousands digit of 565187?
5
What is the ten thousands digit of 2193623?
9
What is the units digit of 911901?
1
What is the millions digit of 1500790?
1
What is the units digit of 4817431?
1
What is the hundred thousands digit of 3067295?
0
What is the tens digit of 49928?
2
What is the ten thousands digit of 4225743?
2
What is the hundred thousands digit of 15549187?
5
What is the thousands digit of 789954?
9
What is the tens digit of 1148874?
7
What is the units digit of 631706?
6
What is the units digit of 1288086?
6
What is the tens digit of 2437317?
1
What is the hundreds digit of 255570?
5
What is the units digit of 192340?
0
What is the hundreds digit of 103091?
0
What is the units digit of 403264?
4
What is the thousands digit of 32554?
2
What is the units digit of 67146?
6
What is the units digit of 551351?
1
What is the hundreds digit of 14150471?
4
What is the ten thousands digit of 16663034?
6
What is the hundred thousands digit of 6101578?
1
What is the ten thousands digit of 38407487?
0
What is the tens digit of 769?
6
What is the hundreds digit of 2871112?
1
What is the hundred thousands digit of 5439008?
4
What is the units digit of 68641?
1
What is the thousands digit of 340924?
0
What is the tens digit of 222912?
1
What is the hundreds digit of 64802?
8
What is the millions digit of 1669779?
1
What is the hundred thousands digit of 3972712?
9
What is the ten thousands digit of 118912?
1
What is the hundreds digit of 4454861?
8
What is the ten thousands digit of 446347?
4
What is the tens digit of 3198499?
9
What is the ten thousands digit of 508723?
0
What is the ten thousands digit of 11313799?
1
What is the hundred thousands digit of 243991?
2
What is the hundred thousands digit of 226564?
2
What is the thousands digit of 260386?
0
What is the tens digit of 42831319?
1
What is the hundred thousands digit of 980815?
9
What is the hundreds digit of 832218?
2
What is the millions digit of 2177345?
2
What is the hundred thousands digit of 5426117?
4
What is the units digit of 13418601?
1
What is the hundreds digit of 2932966?
9
What is the hundred thousands digit of 550363?
5
What is the hundred thousands digit of 11993132?
9
What is the hundreds digit of 1132238?
2
What is the hundred thousands digit of 235203?
2
What is the ten thousands digit of 1583313?
8
What is the units digit of 7089?
9
What is the tens digit of 3724773?
7
What is the hundred thousands digit of 5866562?
8
What is the hundred thousands digit of 6382121?
3
What is the hundreds digit of 1857423?
4
What is the hundred thousands digit of 656442?
6
What is the hundreds digit of 155207?
2
What is the hundred thousands digit of 742462?
7
What is the tens digit of 516835?
3
What is the units digit of 20942653?
3
What is the units digit of 164743?
3
What is the millions digit of 1340150?
1
What is the hundreds digit of 13465321?
3
What is the hundreds digit of 4621137?
1
What is the ten thousands digit of 108957?
0
What is the tens digit of 76010?
1
What is the ten thousands digit of 855740?
5
What is the ten thousands digit of 10213266?
1
What is the units digit of 2968893?
3
What is the millions digit of 26808428?
6
What is the hundreds digit of 528230?
2
What is the units digit of 5092276?
6
What is the tens digit of 2750973?
7
What is the millions digit of 3032250?
3
What is the millions digit of 1031079?
1
What is the units digit of 3163990?
0
What is the ten thousands digit of 3757103?
5
What is the ten thousands digit of 25079?
2
What is the hundred thousands digit of 4435991?
4
What is the hundreds digit of 270177?
1
What is the ten thousands digit of 68065?
6
What is the units digit of 258884?
4
What is the hundreds digit of 9012209?
2
What is the units digit of 86606?
6
What is the tens digit of 561462?
6
What is the tens digit of 1041532?
3
What is the hundreds digit of 36068?
0
What is the thousands digit of 352986?
2
What is the thousands digit of 1117103?
7
What is the hundred thousands digit of 3751597?
7
What is the thousands digit of 207164?
7
What is the tens digit of 22275478?
7
What is the hundred thousands digit of 3695487?
6
What is the thousands digit of 621506?
1
What is the thousands digit of 1856566?
6
What is the millions digit of 1635224?
1
What is the millions digit of 12491397?
2
What is the thousands digit of 139293?
9
What is the hundreds digit of 878202?
2
What is the hundred thousands digit of 1200556?
2
What is the ten thousands digit of 22849223?
4
What is the ten thousands digit of 3865337?
6
What is the thousands digit of 185824?
5
What is the tens digit of 636032?
3
What is the hundred thousands digit of 471629?
4
What is the ten thousands digit of 232100?
3
What is the units digit of 198492?
2
What is the thousands digit of 265624?
5
What is the hundreds digit of 5896626?
6
What is the ten thousands digit of 483432?
8
What is the thousands digit of 867318?
7
What is the hundreds digit of 50248?
2
What is the hundred thousands digit of 161740?
1
What is the tens digit of 1416204?
0
What is the tens digit of 15590961?
6
What is the ten thousands digit of 441774?
4
What is the ten millions digit of 11530640?
1
What is the hundred thousands digit of 9108961?
1
What is the units digit of 239914?
4
What is the hundreds digit of 108883?
8
What is the hundreds digit of 12782?
7
What is the millions digit of 4908319?
4
What is the ten thousands digit of 37160?
3
What is the ten thousands digit of 3394886?
9
What is the units digit of 1754455?
5
What is the hundreds digit of 276608?
6
What is the millions digit of 9030131?
9
What is the hundred thousands digit of 1384463?
3
What is the thousands digit of 319863?
9
What is the hundred thousands digit of 8742006?
7
What is the hundred thousands digit of 1114961?
1
What is the units digit of 11681450?
0
What is the units digit of 5894282?
2
What is the units digit of 10879018?
8
What is the tens digit of 231871?
7
What is the hundreds digit of 383501?
5
What is the tens digit of 398564?
6
What is the ten thousands digit of 797239?
9
What is the units digit of 1794131?
1
What is the tens digit of 23747?
4
What is the thousands digit of 372510?
2
What is the units digit of 63